{"id":514,"date":"2016-07-28T21:42:32","date_gmt":"2016-07-28T19:42:32","guid":{"rendered":"http:\/\/www.ramsauer.be\/?page_id=514"},"modified":"2019-02-21T18:20:12","modified_gmt":"2019-02-21T16:20:12","slug":"osiba-aktivwasser","status":"publish","type":"page","link":"https:\/\/www.ramsauer.be\/?page_id=514","title":{"rendered":"OSIBA Aktivwasser"},"content":{"rendered":"<p>Das OSIBA Wasserger\u00e4t wurde von Rolf Zimmermann entwickelt. Die Besonderheit dieses Ger\u00e4tes ist nicht nur die Filterung des Wassers mit Hilfe eines Aktivkohlefilters, um R\u00fcckst\u00e4nde im Wasser wie Pflanzenschutzmittel, Hormone, Metallverbindungen aus korrodierten Leitungen<br \/>\nzu filtern, sondern auch die Energetisierung des Wassers mit Hilfe der EM-X Keramikpipes. Rolf Zimmermann nutzt somit hier die Eigenschaften der EM-Technologie nach Prof. Teruo Higa. Durch die Keramik-Pipes werden die Informationen der effektiven Mikroorganismen (EM) an das Wasser abgegeben<br \/>\nund sind somit f\u00fcr uns nutzbar.<\/p>\n<p>Wir k\u00f6nnen Ihnen dieses Ger\u00e4t als H\u00e4ndler anbieten (Bitte folgen Sie dazu dem <a href=\"https:\/\/www.emiko.de\/shop\/menschen\/osiba-vitalsystem\/osiba-aktivwasser-ionisator.html?ref=110816\">Link<\/a>).Die Vorteile sind neben dem entfallenden, l\u00e4stigen Schleppen von Wasserkisten, da\u00df mit Hilfe des Ger\u00e4tes der pH-Wert des Wassers angehoben<br \/>\nwerden kann. Durch die alkalische Komponente kann die Ern\u00e4hrung positiv beeinflu\u00dft werden, da die meisten Menschen sich zu sauer ern\u00e4hren.<\/p>\n<div id=\"attachment_515\" style=\"width: 310px\" class=\"wp-caption alignnone\"><a href=\"https:\/\/www.ramsauer.be\/wp-content\/uploads\/2016\/07\/Fosiba.jpg\"><img loading=\"lazy\" decoding=\"async\" aria-describedby=\"caption-attachment-515\" class=\"wp-image-515 size-medium\" src=\"https:\/\/www.ramsauer.be\/wp-content\/uploads\/2016\/07\/Fosiba-300x201.jpg\" alt=\"Fosiba\" width=\"300\" height=\"201\" srcset=\"https:\/\/www.ramsauer.be\/wp-content\/uploads\/2016\/07\/Fosiba-300x201.jpg 300w, https:\/\/www.ramsauer.be\/wp-content\/uploads\/2016\/07\/Fosiba.jpg 480w\" sizes=\"(max-width: 300px) 100vw, 300px\" \/><\/a><p id=\"caption-attachment-515\" class=\"wp-caption-text\">Anschlu\u00df an die Kaltwasserleitung<\/p><\/div>\n<div id=\"attachment_516\" style=\"width: 310px\" class=\"wp-caption alignnone\"><a href=\"https:\/\/www.ramsauer.be\/wp-content\/uploads\/2016\/07\/Fosiba1.jpg\"><img loading=\"lazy\" decoding=\"async\" aria-describedby=\"caption-attachment-516\" class=\"wp-image-516 size-medium\" src=\"https:\/\/www.ramsauer.be\/wp-content\/uploads\/2016\/07\/Fosiba1-300x201.jpg\" alt=\"Fosiba1\" width=\"300\" height=\"201\" srcset=\"https:\/\/www.ramsauer.be\/wp-content\/uploads\/2016\/07\/Fosiba1-300x201.jpg 300w, https:\/\/www.ramsauer.be\/wp-content\/uploads\/2016\/07\/Fosiba1.jpg 480w\" sizes=\"(max-width: 300px) 100vw, 300px\" \/><\/a><p id=\"caption-attachment-516\" class=\"wp-caption-text\">Platzierung in der K\u00fcche mit Zulaufschlauch und Ablauf in die Sp\u00fcle<\/p><\/div>\n<div id=\"attachment_517\" style=\"width: 310px\" class=\"wp-caption alignnone\"><a href=\"https:\/\/www.ramsauer.be\/wp-content\/uploads\/2016\/07\/Fosiba2.jpg\"><img loading=\"lazy\" decoding=\"async\" aria-describedby=\"caption-attachment-517\" class=\"wp-image-517 size-medium\" src=\"https:\/\/www.ramsauer.be\/wp-content\/uploads\/2016\/07\/Fosiba2-300x201.jpg\" alt=\"Fosiba2\" width=\"300\" height=\"201\" srcset=\"https:\/\/www.ramsauer.be\/wp-content\/uploads\/2016\/07\/Fosiba2-300x201.jpg 300w, https:\/\/www.ramsauer.be\/wp-content\/uploads\/2016\/07\/Fosiba2.jpg 480w\" sizes=\"(max-width: 300px) 100vw, 300px\" \/><\/a><p id=\"caption-attachment-517\" class=\"wp-caption-text\">Ablauf in die Sp\u00fcle<\/p><\/div>\n<div id=\"attachment_518\" style=\"width: 310px\" class=\"wp-caption alignnone\"><a href=\"https:\/\/www.ramsauer.be\/wp-content\/uploads\/2016\/07\/Fosiba3.jpg\"><img loading=\"lazy\" decoding=\"async\" aria-describedby=\"caption-attachment-518\" class=\"wp-image-518 size-medium\" src=\"https:\/\/www.ramsauer.be\/wp-content\/uploads\/2016\/07\/Fosiba3-300x201.jpg\" alt=\"Fosiba3\" width=\"300\" height=\"201\" srcset=\"https:\/\/www.ramsauer.be\/wp-content\/uploads\/2016\/07\/Fosiba3-300x201.jpg 300w, https:\/\/www.ramsauer.be\/wp-content\/uploads\/2016\/07\/Fosiba3.jpg 480w\" sizes=\"(max-width: 300px) 100vw, 300px\" \/><\/a><p id=\"caption-attachment-518\" class=\"wp-caption-text\">Da ich keinen Versuch unternehmen wollte, durch die Granitplatte zu bohren, wurde der Zulaufschlauch durch das Edelstahl Sp\u00fclbecken gef\u00fchrt<\/p><\/div>\n<div id=\"attachment_520\" style=\"width: 211px\" class=\"wp-caption alignnone\"><a href=\"https:\/\/www.ramsauer.be\/wp-content\/uploads\/2016\/07\/Fosiba5.jpg\"><img loading=\"lazy\" decoding=\"async\" aria-describedby=\"caption-attachment-520\" class=\"wp-image-520 size-medium\" src=\"https:\/\/www.ramsauer.be\/wp-content\/uploads\/2016\/07\/Fosiba5-201x300.jpg\" alt=\"Fosiba5\" width=\"201\" height=\"300\" srcset=\"https:\/\/www.ramsauer.be\/wp-content\/uploads\/2016\/07\/Fosiba5-201x300.jpg 201w, https:\/\/www.ramsauer.be\/wp-content\/uploads\/2016\/07\/Fosiba5.jpg 322w\" sizes=\"(max-width: 201px) 100vw, 201px\" \/><\/a><p id=\"caption-attachment-520\" class=\"wp-caption-text\">Beide Filterpatronen auf der R\u00fcckseite (EM-X Keramikfilter und Aktivkohlefilter<\/p><\/div>\n<p><a href=\"https:\/\/www.ramsauer.be\/wp-content\/uploads\/2016\/07\/Fosiba4.jpg\"><img loading=\"lazy\" decoding=\"async\" class=\"alignnone size-medium wp-image-519\" src=\"https:\/\/www.ramsauer.be\/wp-content\/uploads\/2016\/07\/Fosiba4-300x201.jpg\" alt=\"Fosiba4\" width=\"300\" height=\"201\" srcset=\"https:\/\/www.ramsauer.be\/wp-content\/uploads\/2016\/07\/Fosiba4-300x201.jpg 300w, https:\/\/www.ramsauer.be\/wp-content\/uploads\/2016\/07\/Fosiba4.jpg 480w\" sizes=\"(max-width: 300px) 100vw, 300px\" \/><\/a><\/p>\n","protected":false},"excerpt":{"rendered":"<p>Das OSIBA Wasserger\u00e4t wurde von Rolf Zimmermann entwickelt. Die Besonderheit dieses Ger\u00e4tes ist nicht nur die Filterung des Wassers mit Hilfe eines Aktivkohlefilters, um R\u00fcckst\u00e4nde im Wasser wie Pflanzenschutzmittel, Hormone, Metallverbindungen aus korrodierten Leitungen zu filtern, sondern auch die Energetisierung des Wassers mit Hilfe der EM-X Keramikpipes. Rolf Zimmermann nutzt somit hier die Eigenschaften der [&hellip;]<\/p>\n","protected":false},"author":1,"featured_media":0,"parent":0,"menu_order":0,"comment_status":"closed","ping_status":"closed","template":"","meta":{"cwp_meta_box_check":"","cwp_rev_product_name":"","cwp_rev_product_image":"","wppr_links":[],"cwp_rev_price":"","wppr_options":[],"wppr_pros":[],"wppr_cons":[],"footnotes":""},"class_list":["post-514","page","type-page","status-publish","hentry"],"wppr_data":[],"_links":{"self":[{"href":"https:\/\/www.ramsauer.be\/index.php?rest_route=\/wp\/v2\/pages\/514"}],"collection":[{"href":"https:\/\/www.ramsauer.be\/index.php?rest_route=\/wp\/v2\/pages"}],"about":[{"href":"https:\/\/www.ramsauer.be\/index.php?rest_route=\/wp\/v2\/types\/page"}],"author":[{"embeddable":true,"href":"https:\/\/www.ramsauer.be\/index.php?rest_route=\/wp\/v2\/users\/1"}],"replies":[{"embeddable":true,"href":"https:\/\/www.ramsauer.be\/index.php?rest_route=%2Fwp%2Fv2%2Fcomments&post=514"}],"version-history":[{"count":3,"href":"https:\/\/www.ramsauer.be\/index.php?rest_route=\/wp\/v2\/pages\/514\/revisions"}],"predecessor-version":[{"id":659,"href":"https:\/\/www.ramsauer.be\/index.php?rest_route=\/wp\/v2\/pages\/514\/revisions\/659"}],"wp:attachment":[{"href":"https:\/\/www.ramsauer.be\/index.php?rest_route=%2Fwp%2Fv2%2Fmedia&parent=514"}],"curies":[{"name":"wp","href":"https:\/\/api.w.org\/{rel}","templated":true}]}}